pose -3*w - 2*w = -2*b + 70, 0 = -5*b - 3*w + 175. Suppose -b = 3*d - 8*d. What is the highest common factor of 7 and d?
7
Let h(y) = 24*y - 8. Let s be h(5). What is the highest common factor of s and 14?
14
Suppose 0*d - 4*i + 118 = 2*d, 0 = -4*d - 4*i + 228. Calculate the greatest common divisor of d and 5.
5
Let w be (9/6)/((-2)/4). Let y be (-1 - w/(-9))*3. Let o(h) = -h**2 - 6*h - 2. Let v be o(y). What is the greatest common factor of 6 and v?
6
Let q(o) = -o**2 - 10*o - 4. Let b be q(-8). Calculate the greatest common divisor of 36 and b.
12
Let q(m) = 2*m - 1. Let z = -4 - -5. Let u be q(z). Calculate the greatest common divisor of u and 9.
1
Let d = 8 + 5. Suppose -4*l + 3 = -d. Suppose -l*s - 5*t + 15 = 0, 40 = 2*s - 3*t - t. What is the greatest common factor of s and 4?
2
Let j = 13 - -12. Calculate the greatest common divisor of 125 and j.
25
Suppose 4*c - u + 65 = 7*c, c + 4*u = 18. What is the highest common divisor of 2 and c?
2
Let w(d) = 33*d - 6. Let k be w(4). Let u(s) = 10*s + 18. Let v be u(0). What is the greatest common divisor of v and k?
18
Let y(q) = 16*q + 2. Let s be (0 - 2)*30/(-4). Let d = s + -9. Let u be y(d). Calculate the highest common divisor of u and 14.
14
Let w(u) = 2*u**3 + u**2 - u + 1. Let g be w(1). Let q be g/(-30)*-4*10. What is the highest common factor of 12 and q?
4
Let q(t) = 13*t - 52. Let k be q(5). Calculate the highest common factor of k and 1.
1
Let m(b) = 2*b + 6. Let p be m(6). Suppose -5*f + 52 = -38. Let c be f + (-2 - 0 - -2). What is the greatest common divisor of p and c?
18
Let p = 79 - -45. Calculate the greatest common divisor of p and 31.
31
Let r = -106 - -172. Suppose 0 = 5*n + 3*f + 2*f - 40, n + 4*f - 14 = 0. Calculate the highest common factor of r and n.
6
Suppose -71*h + 222 = -65*h. What is the greatest common factor of 74 and h?
37
Let q = 35 - 25. Let b be (-2 + -2)/(-1 + -1). Suppose 3*x = b + 43. Calculate the highest common divisor of x and q.
5
Let j(s) = -s**3 + 6*s**2 - 3*s - 4. Let h be j(4). Calculate the greatest common divisor of h and 2.
2
Suppose 8*x + 10 = 9*x. What is the highest common factor of x and 25?
5
Let u(z) = z**3 - 2*z**2 - 3*z + 4. Let s be u(3). Suppose -3*r + 4*n + 92 = 0, 0*n = -s*r + 3*n + 125. Calculate the greatest common divisor of 8 and r.
8
Let o(q) = -51*q - 30. Let b(t) = 5*t + 3. Let v(i) = 42*b(i) + 4*o(i). Let r be v(5). Let c = -249 + 253. Calculate the greatest common divisor of c and r.
4
Suppose 7*j - 5 - 2 = 0. Calculate the highest common factor of 1 and j.
1
Suppose 5*b + 3*s = 58 - 7, 5*b - 2*s = 66. What is the greatest common factor of 48 and b?
12
Let k be -4 + 0/(1 + -3). Let r(h) = 2*h**3 + 4*h**2 + 3*h - 2. Let t be r(k). Let s be ((-3)/6)/(3/t). What is the greatest common factor of 13 and s?
13
Suppose -43 = -2*g - 2*f + 5*f, -5*g + 5*f = -95. Calculate the highest common divisor of 112 and g.
14
Let f be 3*(16/(-20) - (-47)/15). Calculate the highest common divisor of f and 2.
1
Suppose -241 = -4*o + 299. Calculate the highest common factor of o and 27.
27
Suppose 2*a + 10 = 0, -2*x - 2*a + 3 = -3. Let h be (103 + 1)*4/x. Suppose -2*q + h = -46. Calculate the greatest common factor of 7 and q.
7
Let o be (6 - 3)/((-15)/(-40)). Calculate the highest common divisor of o and 8.
8
Suppose -22 + 7 = -5*m. What is the greatest common factor of m and 3?
3
Suppose 2*x - x = -3*l - 49, 3*l = 2*x - 37. Let q be (-2)/(-5) - (-21)/l. Let n = q - -3. What is the greatest common divisor of 16 and n?
2
Suppose -4 = -6*u + 2. Calculate the greatest common factor of 11 and u.
1
Let y = -167 + 297. What is the highest common divisor of 52 and y?
26
Let w(q) = -q + 6. Let j be w(0). Let a be j + -1*(-3 + 0). Suppose b + 162 = 3*b. What is the highest common divisor of a and b?
9
Let z(h) = 2*h**2 - 31*h - 30. Let v be z(17). What is the greatest common divisor of 147 and v?
21
Let q = 6 - 4. Suppose -2*m + q*d + 116 = 0, 7*d = -m + 3*d + 43. Calculate the highest common factor of 11 and m.
11
Suppose -4*p + 5 = -3. Suppose p*t - 24 = -0*t. What is the greatest common factor of t and 12?
12
Suppose 2*m = 2*i - 14, 0 = 3*m + 2 - 11. Let u be 245/i + 1/2. What is the highest common divisor of u and 5?
5
Let o be 16/9 + (-2)/(-9). Suppose u + o = 2*u. Calculate the greatest common factor of u and 4.
2
Suppose 3*v = 20 - 5. Suppose -x + 20 = x. Calculate the highest common divisor of v and x.
5
Suppose -5*d + d + 140 = 0. Suppose -4*z = z - d. Suppose 0 = z*m - 3*m - 160. What is the highest common divisor of m and 5?
5
Suppose -2*i + 105 + 11 = 0. Suppose 61 = 3*d - 5*p, -p = -2*d - 2*p + i. Calculate the highest common divisor of 3 and d.
3
Let i be (203/(-4))/((-4)/16). Calculate the greatest common factor of 29 and i.
29
Suppose -i + 4 = 3*v - 2*v, -5*v + 2*i = -55. Calculate the highest common divisor of 99 and v.
9
Let s be 84 + 2 - (-2 + 1). Suppose -2*p = 3*x - s, -x + 0*x + 189 = 4*p. What is the greatest common factor of 12 and p?
12
Let s be (-13 + (1 - 1))*-1. Suppose -10 = 2*l - 62. Calculate the greatest common divisor of s and l.
13
Let u(r) = r**3 - r + 38. Let f be u(0). Let a(y) = 3*y**2 + 3*y + 1. Let g = 5 + -8. Let s be a(g). Calculate the highest common factor of f and s.
19
Let s(z) = z**2 + z - 5. Let w be s(0). Let k = w + 6. Let m be ((-28)/10)/(k/(-5)). What is the greatest common factor of m and 112?
14
Suppose 0 = -s - 0*s + 5. Suppose -5*f - 74 = -4*b + 206, 0 = s*b + f - 379. What is the highest common factor of b and 15?
15
Suppose 5*a = 2*r + 530, a - 201 = -a + 3*r. What is the highest common divisor of a and 27?
27
Let t = -8 - -12. Let w(d) = d - t*d - 4*d + 4 + d**2. Let o be w(7). What is the greatest common divisor of 4 and o?
4
Let p be 0 + 1 + 1 + -1. Let x be ((-5)/(-3))/(p/54). What is the greatest common divisor of x and 9?
9
Suppose -50 = -2*s + 2*l + 2*l, 5*s = -3*l + 99. What is the greatest common divisor of s and 7?
7
Suppose 0*x - x + 12 = -2*h, 4*x - 30 = 2*h. Suppose x = -t + 3*a + 86, -2*t = a - 153. Calculate the greatest common factor of 7 and t.
7
Suppose 5*w - 186 = -w. Calculate the greatest common divisor of 124 and w.
31
Suppose 5*l - 6*l = 0. Suppose 4*v - v - 9 = l. What is the highest common divisor of v and 15?
3
Suppose -5*g + 208 = -272. Let t = 144 - g. What is the highest common factor of t and 12?
12
Let n(u) = 18*u**2 - 2*u - 6. Let l be n(-5). Let v = -264 + l. Calculate the highest common factor of v and 19.
19
Let p be 11 - (1 + (-3)/1). Suppose 0 = -2*t + p + 3. Calculate the greatest common factor of t and 8.
8
Suppose 0 = 2*u + 3*f - 132, 232 = 4*u - f - f. Let z = -4 + 7. Suppose -z*l - 41 = 4*q - 113, -3*l + 2*q = -72. What is the highest common divisor of l and u?
12
Let u = 6 + -4. Suppose u*d - 4 = d + 4*p, -12 = -3*d + p. Let l be (6/9)/(d/66). What is the greatest common divisor of l and 121?
11
Let t = 617 - 361. Calculate the highest common divisor of t and 32.
32
Let g(o) = 7*o - 31. Let h be g(7). What is the greatest common divisor of 18 and h?
18
Let w(t) = t**3 + 4*t**2 - 8*t - 6. Let j be w(-5). Suppose -o + 14 = 2*m, 0 = -3*m - 2*m - 5*o + 25. Calculate the highest common divisor of m and j.
9
Suppose 2*i - 5*x - 90 = 0, 98 = 2*i + 2*x + 22. Calculate the greatest common factor of i and 160.
40
Let f be -2*13*(2 + -3). Suppose f - 6 = 4*g. Suppose 17 + 88 = g*v. Calculate the highest common divisor of v and 3.
3
Suppose -3*i + 3 = -9. Let z(l) = 3*l**2 - 3*l - 3. Let f be z(i). Calculate the highest common divisor of 22 and f.
11
Let b(z) = 2*z**2 - 2. Let c be b(-5). Let k = 94 - c. Suppose -4*w + 85 = 2*o - 89, -w + 2*o + k = 0. What is the highest common factor of w and 4?
4
Let c(v) = 0 - 12*v + 0*v**2 - 8 + 0*v**2 - v**2. Let f be c(-11). What is the greatest common divisor of 21 and f?
3
Let h be 1/(-3) - (-1)/3. Suppose -k + 0*k + 37 = 2*p, h = 2*p - 5*k - 31. Calculate the greatest common factor of p and 162.
18
Let k(n) = n**3 - 2*n**2 - 5*n + 3. Let x be k(4). Let z = x - 12. What is the greatest common divisor of z and 27?
3
Suppose 2 = -0*s + s. Suppose s*f - 29 = -r, 2*r = -5*f + 3*r + 69. Calculate the highest common divisor of f and 14.
14
Let l = 4 + 21. Suppose -z = -5*y + 15 + l, z = -y + 14. What is the highest common div